{"id":1525,"date":"2026-01-12T14:26:57","date_gmt":"2026-01-12T13:26:57","guid":{"rendered":"https:\/\/thg-podcast.de\/?post_type=product&#038;p=1525"},"modified":"2026-01-12T18:45:28","modified_gmt":"2026-01-12T17:45:28","slug":"anmeldung-senior-debating-club-wochenende-2026-in-heidelberg","status":"publish","type":"product","link":"https:\/\/thg-podcast.de\/?product=anmeldung-senior-debating-club-wochenende-2026-in-heidelberg","title":{"rendered":"Anmeldung Senior Debating Club-Wochenende 2026 in Heidelberg"},"content":{"rendered":"<p>Liebe Debater, liebe Eltern,<\/p>\n<p>vom 20.-22. M\u00e4rz 2026 findet das diesj\u00e4hrige Senior League Debatingwochenende in Heidelberg statt. Dieses Wochenende bietet unseren Debatern die M\u00f6glichkeit, mit etwas mehr Zeit als bei den regul\u00e4ren Wettkampftagen mit anderen Teams in Kontakt zu treten, sich mit ihnen auszutauschen und viel dazuzulernen.<\/p>\n<p>Da der F\u00f6rderverein dankenswerterweise auch in diesem Jahr einen Teil der entstehenden Kosten \u00fcbernimmt, bleibt ein Restbetrag von <strong>78,00 Euro<\/strong>,<\/p>\n<p>Genauere Daten zu Abreise und R\u00fcckkunft organisieren wir innerhalb des Teams und Sie werden dar\u00fcber rechtzeitig informiert. Es ist allerdings klar, dass das Team am Freitag, 20. M\u00e4rz 2026, um die Mittagszeit aufbrechen und am Sonntag, 22. M\u00e4rz 2025, am fr\u00fchen Nachmittag zur\u00fcckkommen werden.<\/p>\n<p>&nbsp;<\/p>\n<p>Sollten Sie Fragen haben, wenden Sie sich gern an mich (m.sunten@thg-hn.de).<\/p>\n<p>&nbsp;<\/p>\n<p>Mit freundlichen Gr\u00fc\u00dfen,<\/p>\n<p>Maria Sunten<\/p>\n","protected":false},"excerpt":{"rendered":"<p>Liebe Debater, liebe Eltern, vom 20.-22. M\u00e4rz 2026 findet das diesj\u00e4hrige Senior League Debatingwochenende in Heidelberg statt. Dieses Wochenende bietet unseren Debatern die M\u00f6glichkeit, mit etwas mehr Zeit als bei den regul\u00e4ren Wettkampftagen mit anderen Teams in Kontakt zu treten, sich mit ihnen auszutauschen und viel dazuzulernen. Da der F\u00f6rderverein dankenswerterweise auch in diesem Jahr&#8230;<\/p>\n","protected":false},"featured_media":1533,"template":"","meta":[],"product_brand":[],"product_cat":[104],"product_tag":[106],"class_list":{"0":"post-1525","1":"product","2":"type-product","3":"status-publish","4":"has-post-thumbnail","6":"product_cat-exkursion","7":"product_tag-debating","9":"first","10":"instock","11":"featured","12":"sold-individually","13":"shipping-taxable","14":"purchasable","15":"product-type-variable"},"jetpack_sharing_enabled":true,"_links":{"self":[{"href":"https:\/\/thg-podcast.de\/index.php?rest_route=\/wp\/v2\/product\/1525","targetHints":{"allow":["GET"]}}],"collection":[{"href":"https:\/\/thg-podcast.de\/index.php?rest_route=\/wp\/v2\/product"}],"about":[{"href":"https:\/\/thg-podcast.de\/index.php?rest_route=\/wp\/v2\/types\/product"}],"wp:featuredmedia":[{"embeddable":true,"href":"https:\/\/thg-podcast.de\/index.php?rest_route=\/wp\/v2\/media\/1533"}],"wp:attachment":[{"href":"https:\/\/thg-podcast.de\/index.php?rest_route=%2Fwp%2Fv2%2Fmedia&parent=1525"}],"wp:term":[{"taxonomy":"product_brand","embeddable":true,"href":"https:\/\/thg-podcast.de\/index.php?rest_route=%2Fwp%2Fv2%2Fproduct_brand&post=1525"},{"taxonomy":"product_cat","embeddable":true,"href":"https:\/\/thg-podcast.de\/index.php?rest_route=%2Fwp%2Fv2%2Fproduct_cat&post=1525"},{"taxonomy":"product_tag","embeddable":true,"href":"https:\/\/thg-podcast.de\/index.php?rest_route=%2Fwp%2Fv2%2Fproduct_tag&post=1525"}],"curies":[{"name":"wp","href":"https:\/\/api.w.org\/{rel}","templated":true}]}}